{"id":72,"date":"2022-11-08T20:43:07","date_gmt":"2022-11-08T18:43:07","guid":{"rendered":"http:\/\/www.kotikokemus.fi\/?page_id=72"},"modified":"2022-11-08T22:50:38","modified_gmt":"2022-11-08T20:50:38","slug":"tietoa-meista","status":"publish","type":"page","link":"https:\/\/www.kotikokemus.fi\/?page_id=72","title":{"rendered":"Tietoa meist\u00e4"},"content":{"rendered":"\n<div class=\"wp-block-group is-nowrap is-layout-flex wp-container-core-group-is-layout-6c531013 wp-block-group-is-layout-flex\">\n<p style=\"font-style:normal;font-weight:400\">Kotikokemus Oy on suomalainen yritys, joka tarjoaa laadukkaita vuokra-asuntoja hyvill\u00e4 sijainneilla p\u00e4\u00e4kaupunkiseudulla.<br><br>Toiminnan ytimess\u00e4 on hyv\u00e4 vuokranantajuus, huolenpito niin vuokralaissuhteista kuin asunnoistakin.<\/p>\n\n\n\n<blockquote class=\"wp-block-quote has-tiny-font-size is-layout-flow wp-block-quote-is-layout-flow\" style=\"font-style:normal;font-weight:300\">\n<p class=\"has-small-font-size\" style=\"font-style:normal;font-weight:300\"><img loading=\"lazy\" decoding=\"async\" width=\"750\" height=\"998\" class=\"wp-image-87\" style=\"width: 750px;\" src=\"http:\/\/www.kotikokemus.fi\/wp-content\/uploads\/2022\/11\/unnamed-file-scaled.jpg\" alt=\"\" srcset=\"https:\/\/www.kotikokemus.fi\/wp-content\/uploads\/2022\/11\/unnamed-file-scaled.jpg 1923w, https:\/\/www.kotikokemus.fi\/wp-content\/uploads\/2022\/11\/unnamed-file-225x300.jpg 225w, https:\/\/www.kotikokemus.fi\/wp-content\/uploads\/2022\/11\/unnamed-file-769x1024.jpg 769w, https:\/\/www.kotikokemus.fi\/wp-content\/uploads\/2022\/11\/unnamed-file-768x1022.jpg 768w, https:\/\/www.kotikokemus.fi\/wp-content\/uploads\/2022\/11\/unnamed-file-1154x1536.jpg 1154w, https:\/\/www.kotikokemus.fi\/wp-content\/uploads\/2022\/11\/unnamed-file-1538x2048.jpg 1538w\" sizes=\"auto, (max-width: 750px) 100vw, 750px\" \/><\/p>\n<cite>Kotikokemuksen perustaja Tommi Aarnio<\/cite><\/blockquote>\n<\/div>\n","protected":false},"excerpt":{"rendered":"<p>Kotikokemus Oy on suomalainen yritys, joka tarjoaa laadukkaita vuokra-asuntoja hyvill\u00e4 sijainneilla p\u00e4\u00e4kaupunkiseudulla. Toiminnan ytimess\u00e4 on hyv\u00e4 vuokranantajuus, huolenpito niin vuokralaissuhteista kuin asunnoistakin.<\/p>\n","protected":false},"author":1,"featured_media":0,"parent":0,"menu_order":0,"comment_status":"closed","ping_status":"closed","template":"","meta":{"footnotes":""},"class_list":["post-72","page","type-page","status-publish","hentry"],"_links":{"self":[{"href":"https:\/\/www.kotikokemus.fi\/index.php?rest_route=\/wp\/v2\/pages\/72","targetHints":{"allow":["GET"]}}],"collection":[{"href":"https:\/\/www.kotikokemus.fi\/index.php?rest_route=\/wp\/v2\/pages"}],"about":[{"href":"https:\/\/www.kotikokemus.fi\/index.php?rest_route=\/wp\/v2\/types\/page"}],"author":[{"embeddable":true,"href":"https:\/\/www.kotikokemus.fi\/index.php?rest_route=\/wp\/v2\/users\/1"}],"replies":[{"embeddable":true,"href":"https:\/\/www.kotikokemus.fi\/index.php?rest_route=%2Fwp%2Fv2%2Fcomments&post=72"}],"version-history":[{"count":7,"href":"https:\/\/www.kotikokemus.fi\/index.php?rest_route=\/wp\/v2\/pages\/72\/revisions"}],"predecessor-version":[{"id":91,"href":"https:\/\/www.kotikokemus.fi\/index.php?rest_route=\/wp\/v2\/pages\/72\/revisions\/91"}],"wp:attachment":[{"href":"https:\/\/www.kotikokemus.fi\/index.php?rest_route=%2Fwp%2Fv2%2Fmedia&parent=72"}],"curies":[{"name":"wp","href":"https:\/\/api.w.org\/{rel}","templated":true}]}}